*x - x + g + 5 = 0. Suppose a + 3*w + 1 = 2, -5*a - w + 47 = x. What is the tens digit of a?
1
Suppose 120 = -4*w + 2*w. Suppose 5 = -o - 0. What is the units digit of ((-2)/o)/((-3)/w)?
8
Let f be 99/44*(-8)/3. Let t(i) = 2*i**2 + 9*i + 7. What is the units digit of t(f)?
5
What is the units digit of 9/3 - (-27 - 1)?
1
Let o be 5/20 - 11/(-4). Suppose 0 = 3*r - 4*x + 48, 18 = 5*x + o. What is the units digit of (-1)/(-3) + r/(-18)?
1
Let j = -28 + 43. What is the tens digit of j?
1
Suppose 4*r = 5*x - 643, -2*x - 2*r + 259 = -3*r. Let l = x - 78. Suppose 3*u + 3*p - l = -17, 0 = -2*u - 3*p + 29. What is the units digit of u?
7
Let z(c) = -9*c**2 + 17*c + 15. Let k(f) = 5*f**2 - 8*f - 8. Let q(g) = -7*k(g) - 4*z(g). What is the units digit of q(13)?
9
Suppose 0*f = -4*f + 16. Suppose f*r = -x + 23, 3*x + 33 + 10 = 4*r. What is the units digit of r?
7
Let x = -55 - -57. What is the units digit of x?
2
Let c(i) = 1 + i**2 - 3*i - 3 - 5 + 0. What is the units digit of c(5)?
3
Suppose -n - 2*b - 1 = -4, -3*b = 5*n + 13. Let q = n + 6. What is the units digit of q?
1
Suppose z - 6*z - n + 30 = 0, 4*z = 4*n. Suppose 2 + 3 = z*c. Suppose 0 = r - c - 3. What is the units digit of r?
4
Let t = 0 + 8. Let v(p) = 29*p**3 - 2*p**2 + 1. Let d be v(1). What is the units digit of 46/14 - t/d?
3
Suppose -3*j = -4*g + 29, 3*g - j = 2*g + 8. Suppose g = 3*a - 2*a. What is the units digit of a?
5
Let q = -32 - -14. Let a be (-4)/1 + (-6)/2. Let l = a - q. What is the units digit of l?
1
Let a(p) = 8 - 11*p + 6*p - 20. What is the units digit of a(-9)?
3
Let j be (-9)/3 + 0 + 9. What is the units digit of (j - 9)/(-1*1)?
3
Let s(l) = 43*l**2 + 1. Let a be s(1). Suppose 5 = f + 3*m, m = -2*f - 7 + 17. Suppose -3*t - c = -a, -t + c = f*c. What is the units digit of t?
6
Suppose g + 0 = 2. Let f be (0 + -1)/(g/(-4)). Suppose 0 = -5*m + 10, f*m + 3*m = j + 7. What is the units digit of j?
3
Let q = 6 - 2. Suppose 2*a + 0*a = 0. Suppose 2*i - q - 6 = a. What is the units digit of i?
5
Suppose -3 = -2*v + 7. Suppose 6 = -3*j - 0*j, -2*l + v*j + 22 = 0. Suppose -36 - l = -3*b. What is the tens digit of b?
1
Suppose 0*h + 13 = -3*h - n, 3*h - 3*n = 3. Let r be h/(45/(-12))*-5. Let z(i) = i**2 + 3*i + 4. What is the units digit of z(r)?
8
Suppose 3*g = 4*t + 8*g + 30, 0 = -3*t + 2*g - 34. Let d = 15 + t. What is the tens digit of 6/(-15) - (-57)/d?
1
Suppose 3*h - 3*q = 18, 4*q + 4 = h + q. Let i = -1 + h. What is the units digit of 21*5/(45/i)?
4
Suppose 5*k = -0*k + 65. Let h(x) = 2*x**2 - k*x**2 - 10 + 3*x**3 - 2*x**3 + 12*x. What is the tens digit of h(10)?
1
Suppose k + 3 = 8. Suppose 4*a - l = 66, -k*l - 27 = -a - 1. What is the tens digit of a?
1
Let v = -7 - -9. What is the units digit of 23/v*(-1 + 3)?
3
What is the tens digit of (-579)/(-7) + 10/35?
8
Let g = -35 - -53. Suppose 2*n - g = -n. What is the units digit of n?
6
Suppose 4*a - 6 = 26. Let g(x) = -x + 12. What is the units digit of g(a)?
4
Let h = 6 - 15. Suppose -4*u + 24 = x, -6*x + x + 98 = -2*u. Let j = x + h. What is the tens digit of j?
1
Suppose 4*b + 22 = g, -5*b + 25 = 4*g - 0*g. Let j = g + -7. Suppose 5*w - 19 - 9 = q, j*w + 3*q = 24. What is the units digit of w?
6
Suppose 6*k - 5*k = 18. What is the tens digit of k?
1
Let f = -9 + 10. What is the tens digit of 3*f*44/6?
2
Let h(j) = j. Let g be h(6). Let y be (3/g)/(2/52). Suppose -4*u + 3 = -y. What is the units digit of u?
4
Let h(t) = t + 1. Let w(p) = 4*p + 4. Let d(z) = 9*h(z) - 2*w(z). Let n(i) = i + 2. Let b(o) = -5*d(o) + 2*n(o). What is the units digit of b(-3)?
8
Suppose -4*b + m - 26 = 0, 11 = -b + m - 3*m. Let w(v) = 0 + v**2 + 6*v - 2 - 2. What is the units digit of w(b)?
3
Let x(g) = -8*g + 1 - 4 - 1 + 6 - g**2. Let r be x(-8). Suppose r*n + 8 = 4*n. What is the units digit of n?
4
Let y = 31 - 15. Let x be -11 + (-9)/(-3) - -3. Let j = x + y. What is the units digit of j?
1
Suppose -14 - 5 = -m. Suppose -m + 1 = -3*l. What is the units digit of l?
6
Let n = 69 + -26. What is the tens digit of n?
4
Let p(a) = -a**2 - 17*a + 21. Let r be p(-16). Let z = 4 + r. What is the units digit of z?
1
Let d(h) = 127*h**2 - 2. What is the hundreds digit of d(-1)?
1
Let z(f) = -f - 1. Let n(p) = 2*p + 7. Let b(o) = -n(o) - 5*z(o). Let y(m) = 4*m + 1. Let s be y(1). What is the units digit of b(s)?
3
Let m(u) be the third derivative of -3*u**4/8 - u**3/6 + u**2. Let j = 2 + -3. What is the units digit of m(j)?
8
Let q(l) be the second derivative of -l**4/12 - 3*l**3/2 + 7*l**2/2 - 3*l. What is the units digit of q(-9)?
7
Suppose j + 7*n - 4*n + 13 = 0, 0 = -j + n + 3. Let o = 5 + j. What is the units digit of o?
4
Let b(n) = -8*n - 11. What is the units digit of b(-5)?
9
Suppose -4*n + 7*n = 102. What is the tens digit of n?
3
Let l be (-2)/(-7) - 95/(-35). Suppose l*g - 66 = 60. What is the units digit of g?
2
What is the tens digit of (10 + -11)/((-1)/61)?
6
Let j = 31 + 46. What is the units digit of j?
7
Let c(m) = m**3 + 2*m + 1. What is the tens digit of c(3)?
3
Let o(m) = -3*m - 3. Let q(g) = g + 1. Let d(u) = 2*o(u) + 7*q(u). Let v be d(3). Suppose -3*a + v = -a. What is the units digit of a?
2
Let v(d) = -11*d + 116. What is the units digit of v(0)?
6
Let w(b) = 15*b - 22. What is the units digit of w(10)?
8
Let y(i) = -i + 6. Let g be y(9). What is the units digit of (-1)/((0 - g)/(-12))?
4
Let g = -27 + 27. Let j(o) = o**2 + 2*o + 44. What is the units digit of j(g)?
4
What is the tens digit of (4 - -21)/(-5)*-12?
6
Let s(u) = -3*u + 2. Let j be -1*(-1 + 1) - -2. Suppose -6 = -2*a + j*w, 3*a + 0 - 4 = 2*w. What is the units digit of s(a)?
8
Let a = 455 - 169. What is the tens digit of a?
8
Suppose 37 = z - 5*i, -i = 2*z + 3*i - 102. What is the tens digit of z?
4
Suppose 5 = -4*b + 1. What is the units digit of (4 + b)/(1/3)?
9
Suppose 5*x = 18 + 7. Let g(v) = 2*v + 5. What is the tens digit of g(x)?
1
Let r = 18 + 80. What is the tens digit of r?
9
Let o(t) = t**2 + 1. Let p be o(-4). Suppose p + 1 = c. What is the units digit of c?
8
Let b be (-6)/(-9) - (-282)/9. Suppose 3*y - b = y. What is the tens digit of y?
1
Let d = 75 + -45. What is the tens digit of d?
3
Let c(x) = 0 + 3 + 2*x + 0 - 7. What is the units digit of c(3)?
2
Let l(u) = 16*u**2 - u - 1. What is the tens digit of l(2)?
6
Suppose p = -1 + 2. Let x = 4 - p. Suppose 5*s + 44 + 0 = 3*y, x*y + s - 20 = 0. What is the units digit of y?
8
Suppose 3*a + 0*a + 21 = 0. What is the tens digit of 1*((2 - a) + 3)?
1
What is the tens digit of 108/(-30)*(-20)/3?
2
Suppose 3*r = -10 - 2. Let o = 7 + r. What is the units digit of o?
3
Let q(d) = d**3 - 5*d**2 - 5*d + 2. Let z(b) = b**2 + b + 6. Let u be z(0). Let f be q(u). Suppose 48 = 4*o + f. What is the tens digit of o?
1
Suppose -13 = -p - 0*p. Suppose 3*b - 57 = -4*c - 2*b, 2*b - 42 = -4*c. What is the units digit of -2*1 + (p - c)?
3
Suppose -4*p - 28 = -128. Suppose w + p = 2*w. What is the tens digit of w?
2
Let l = 215 + -95. What is the units digit of l?
0
Suppose 0 = -4*i + 6 + 2. Suppose -v - 8 = v, 2*t + i*v = 18. Let a = 18 - t. What is the units digit of a?
5
Let r(l) = 1 - 5*l + 4*l + 3. Let a be r(6). What is the units digit of 4 - (a + 8/2)?
2
Let v be (-3 + 9/4)*-4. Suppose 3*z = -2*z + 210. Suppose -g + 46 = 3*g + i, v*g - 3*i = z. What is the units digit of g?
2
Let j be 41/(-4) + 1/4. Let u(k) = -k**2 + 5*k - 5. Let m be u(7). Let q = j - m. What is the units digit of q?
9
Let y(p) = p**2 - 9*p + 12. Let n be (1/(-2))/(1/(-16)). Let r be y(n). Suppose r*k - 5*k + 11 = 0. What is the tens digit of k?
1
What is the units digit of -2 - (3 - 11)*1?
6
Suppose -4*j = -29 - 67. Let c = j + -14. What is the tens digit of c?
1
Let p(a) = -a - 8. Let k be p(8). Let c = 26 + k. What is the units digit of c?
0
Suppose 3*p - 2*p = 0. Suppose -3*v + 28 = 2*b, v - 5*b = -p*v + 32. What is the units digit of v?
2
Suppose -3*q = 5*s - 81, 3*s - 37 = 6*q - 2*q. Suppose -3*l = s - 57. What is the units digit of l?
4
Let u(l) = -3*l**3 - l**2 - l - 1. Let w(a) = 2*a - 3. Let x be w(3). Let f be (2/4)/(x/(-6)). What is the units digit of u(f)?
2
Let h(z) = -2*z + 22. Let c be h(10). Let w = c + 45. What is the units digit of w?
7
Let n(g) = g + 4. Let p be (-22)/6 + 3/(-9). Let u be n(p). Suppose 3*b + b - 20 = u. What